{"id":991,"date":"2015-01-14T09:32:05","date_gmt":"2015-01-14T08:32:05","guid":{"rendered":"http:\/\/arche-detern.de\/?page_id=991"},"modified":"2015-01-14T09:57:32","modified_gmt":"2015-01-14T08:57:32","slug":"treffpunkt-arche","status":"publish","type":"page","link":"https:\/\/arche-detern.de\/?page_id=991","title":{"rendered":"Treffpunkt Arche"},"content":{"rendered":"<p>Zu den zahlreichen interessanten Nutzungen des Arche-Caf\u00e9s kommt der <a href=\"https:\/\/arche-detern.de\/wp-content\/uploads\/2015\/01\/Cafe2_verkleinert.jpg\"><img loading=\"lazy\" decoding=\"async\" class=\"alignright size-medium wp-image-994\" src=\"https:\/\/arche-detern.de\/wp-content\/uploads\/2015\/01\/Cafe2_verkleinert-300x200.jpg\" alt=\"Cafe2_verkleinert\" width=\"300\" height=\"200\" srcset=\"https:\/\/arche-detern.de\/wp-content\/uploads\/2015\/01\/Cafe2_verkleinert-300x200.jpg 300w, https:\/\/arche-detern.de\/wp-content\/uploads\/2015\/01\/Cafe2_verkleinert-1024x682.jpg 1024w, https:\/\/arche-detern.de\/wp-content\/uploads\/2015\/01\/Cafe2_verkleinert.jpg 1188w\" sizes=\"auto, (max-width: 300px) 100vw, 300px\" \/><\/a><br \/>\nTreffpunkt Arche hinzu:<br \/>\nAn jedem Mittwoch von 15 bis 17 Uhr ist das Caf\u00e9 ge\u00f6ffnet:<\/p>\n<p>F\u00fcr alle, die<br \/>\n\u2022 einen zwanglosen Rahmen zum Treffen und Unterhalten suchen,<br \/>\n\u2022 Beratungen und Informationen zu Hilfsangeboten ben\u00f6tigen,<br \/>\n\u2022 nicht so oft alleine sein m\u00f6chten,<br \/>\n\u2022 ein offenes Ohr suchen f\u00fcr schwierige Lebenssituationen&#8230;<\/p>\n<p>Sie k\u00f6nnen das Caf\u00e9 ohne vorherige Anmeldung und kostenlos besuchen.<br \/>\nWir freuen uns, wenn Sie sich in unserem Caf\u00e9 einbringen und beteiligen. Mithilfe und Ideen bei den Veranstaltungen und Aktivit\u00e4ten sind herzlich willkommen.<\/p>\n<p>Die Mitarbeiter der Diakoniestation Hesel-J\u00fcmme-Uplengen und viele<br \/>\nehrenamtliche<a href=\"https:\/\/arche-detern.de\/wp-content\/uploads\/2015\/01\/diakonie.jpg\"><img loading=\"lazy\" decoding=\"async\" class=\"alignright size-full wp-image-987\" src=\"https:\/\/arche-detern.de\/wp-content\/uploads\/2015\/01\/diakonie.jpg\" alt=\"diakonie\" width=\"227\" height=\"225\" srcset=\"https:\/\/arche-detern.de\/wp-content\/uploads\/2015\/01\/diakonie.jpg 227w, https:\/\/arche-detern.de\/wp-content\/uploads\/2015\/01\/diakonie-150x150.jpg 150w\" sizes=\"auto, (max-width: 227px) 100vw, 227px\" \/><\/a> Helfer freuen sich auf Ihren Besuch!<\/p>\n<p>Telefonisch sind wir erreichbar:<\/p>\n<p>Beratungsstelle der Diakoniestation Filsum<br \/>\nAn der Bahn 7<br \/>\n26849 Filsum<br \/>\n04957-9282886<\/p>\n<p><em>\u201eJeder Tag ist eine neue Chance,<\/em><br \/>\n<em>das zu tun, was du m\u00f6chtest.\u201c<\/em><br \/>\nFriedrich von Schiller<\/p>\n","protected":false},"excerpt":{"rendered":"<p>Zu den zahlreichen interessanten Nutzungen des Arche-Caf\u00e9s kommt der Treffpunkt Arche hinzu: An jedem Mittwoch von 15 bis 17 Uhr ist das Caf\u00e9 ge\u00f6ffnet: F\u00fcr alle, die \u2022 einen zwanglosen Rahmen zum Treffen und Unterhalten suchen, \u2022 Beratungen und Informationen zu Hilfsangeboten ben\u00f6tigen, \u2022 nicht so oft alleine sein m\u00f6chten, \u2022 ein offenes Ohr suchen [&hellip;]<\/p>\n","protected":false},"author":2,"featured_media":0,"parent":146,"menu_order":0,"comment_status":"closed","ping_status":"open","template":"","meta":{"_et_pb_use_builder":"","_et_pb_old_content":"","_et_gb_content_width":"","footnotes":""},"class_list":["post-991","page","type-page","status-publish","hentry"],"_links":{"self":[{"href":"https:\/\/arche-detern.de\/index.php?rest_route=\/wp\/v2\/pages\/991","targetHints":{"allow":["GET"]}}],"collection":[{"href":"https:\/\/arche-detern.de\/index.php?rest_route=\/wp\/v2\/pages"}],"about":[{"href":"https:\/\/arche-detern.de\/index.php?rest_route=\/wp\/v2\/types\/page"}],"author":[{"embeddable":true,"href":"https:\/\/arche-detern.de\/index.php?rest_route=\/wp\/v2\/users\/2"}],"replies":[{"embeddable":true,"href":"https:\/\/arche-detern.de\/index.php?rest_route=%2Fwp%2Fv2%2Fcomments&post=991"}],"version-history":[{"count":11,"href":"https:\/\/arche-detern.de\/index.php?rest_route=\/wp\/v2\/pages\/991\/revisions"}],"predecessor-version":[{"id":1005,"href":"https:\/\/arche-detern.de\/index.php?rest_route=\/wp\/v2\/pages\/991\/revisions\/1005"}],"up":[{"embeddable":true,"href":"https:\/\/arche-detern.de\/index.php?rest_route=\/wp\/v2\/pages\/146"}],"wp:attachment":[{"href":"https:\/\/arche-detern.de\/index.php?rest_route=%2Fwp%2Fv2%2Fmedia&parent=991"}],"curies":[{"name":"wp","href":"https:\/\/api.w.org\/{rel}","templated":true}]}}

<p>Zu den zahlreichen interessanten Nutzungen des Arche-Cafés kommt der <a href="https://arche-detern.de/wp-content/uploads/2015/01/Cafe2_verkleinert.jpg"><img loading="lazy" decoding="async" class="alignright size-medium wp-image-994" src="https://arche-detern.de/wp-content/uploads/2015/01/Cafe2_verkleinert-300x200.jpg" alt="Cafe2_verkleinert" width="300" height="200" srcset="https://arche-detern.de/wp-content/uploads/2015/01/Cafe2_verkleinert-300x200.jpg 300w, https://arche-detern.de/wp-content/uploads/2015/01/Cafe2_verkleinert-1024x682.jpg 1024w, https://arche-detern.de/wp-content/uploads/2015/01/Cafe2_verkleinert.jpg 1188w" sizes="auto, (max-width: 300px) 100vw, 300px" /></a><br />
Treffpunkt Arche hinzu:<br />
An jedem Mittwoch von 15 bis 17 Uhr ist das Café geöffnet:</p>
<p>Für alle, die<br />
• einen zwanglosen Rahmen zum Treffen und Unterhalten suchen,<br />
• Beratungen und Informationen zu Hilfsangeboten benötigen,<br />
• nicht so oft alleine sein möchten,<br />
• ein offenes Ohr suchen für schwierige Lebenssituationen&#8230;</p>
<p>Sie können das Café ohne vorherige Anmeldung und kostenlos besuchen.<br />
Wir freuen uns, wenn Sie sich in unserem Café einbringen und beteiligen. Mithilfe und Ideen bei den Veranstaltungen und Aktivitäten sind herzlich willkommen.</p>
<p>Die Mitarbeiter der Diakoniestation Hesel-Jümme-Uplengen und viele<br />
ehrenamtliche<a href="https://arche-detern.de/wp-content/uploads/2015/01/diakonie.jpg"><img loading="lazy" decoding="async" class="alignright size-full wp-image-987" src="https://arche-detern.de/wp-content/uploads/2015/01/diakonie.jpg" alt="diakonie" width="227" height="225" srcset="https://arche-detern.de/wp-content/uploads/2015/01/diakonie.jpg 227w, https://arche-detern.de/wp-content/uploads/2015/01/diakonie-150x150.jpg 150w" sizes="auto, (max-width: 227px) 100vw, 227px" /></a> Helfer freuen sich auf Ihren Besuch!</p>
<p>Telefonisch sind wir erreichbar:</p>
<p>Beratungsstelle der Diakoniestation Filsum<br />
An der Bahn 7<br />
26849 Filsum<br />
04957-9282886</p>
<p><em>„Jeder Tag ist eine neue Chance,</em><br />
<em>das zu tun, was du möchtest.“</em><br />
Friedrich von Schiller</p>

<p>Zu den zahlreichen interessanten Nutzungen des Arche-Cafés kommt der Treffpunkt Arche hinzu: An jedem Mittwoch von 15 bis 17 Uhr ist das Café geöffnet: Für alle, die • einen zwanglosen Rahmen zum Treffen und Unterhalten suchen, • Beratungen und Informationen zu Hilfsangeboten benötigen, • nicht so oft alleine sein möchten, • ein offenes Ohr suchen [&hellip;]</p>
