{"id":61,"date":"2012-05-02T20:13:57","date_gmt":"2012-05-02T20:13:57","guid":{"rendered":"http:\/\/arche-detern.de\/?page_id=61"},"modified":"2025-12-23T14:19:55","modified_gmt":"2025-12-23T13:19:55","slug":"pflegetrupp","status":"publish","type":"page","link":"https:\/\/arche-detern.de\/?page_id=61","title":{"rendered":"Pflegegruppe"},"content":{"rendered":"\n<figure class=\"wp-block-image alignright\"><a href=\"https:\/\/arche-detern.de\/wp-content\/uploads\/2012\/05\/2017-ArcheHelfer-e1510039355920.jpg\"><img loading=\"lazy\" decoding=\"async\" width=\"300\" height=\"225\" src=\"https:\/\/arche-detern.de\/wp-content\/uploads\/2012\/05\/2017-ArcheHelfer-300x225.jpg\" alt=\"\" class=\"wp-image-1454\"\/><\/a><figcaption class=\"wp-element-caption\">Arche-Pflegetrupp (2017)<\/figcaption><\/figure>\n\n\n\n<p>Viele Arbeiten in der Arche und rund um die Arche erfolgen von Anbeginn im Jahre 2010 in Eigenleistung. Der Bereich rund um das sanierte denkmalgesch\u00fctzte Ensemble mit Arche, Kirche und Alte Schule hat sich dank dieses Einsatzes zu einem der bestgepflegten Areale in Detern entwickelt und erfreut die Ortsgemeinschaft wie auch unsere G\u00e4ste. Das Kirchenw\u00e4ldchen ist als erweiterter Garten mit seiner Obstbaumwiese und den Hecken und weiterem Baumbestand ein besonderer Ort, der der verst\u00e4rkten Pflege bedarf.<\/p>\n\n\n\n<p>Auch in 2026 finden in der Gartensaison an jeweils einem Dienstag in der Gartensaison wieder Eins\u00e4tze statt &#8211; <br>Treffpunkt ist jeweils um 19 Uhr die Arche.<\/p>\n\n\n\n<p>Frisch und fr\u00f6hlich packt die &#8222;W\u00e4ldchen-Gruppe&#8220; gemeinsam an, um die historische Ortsmitte weiterhin in gutem Zustand zu erhalten. In gemeinschaftlicher Arbeit setzen sich die flei\u00dfigen Helfer daf\u00fcr ein, dass alles sch\u00f6n und gepflegt ist. <br><br>Neue Unterst\u00fctzer sind jederzeit willkommen!<\/p>\n\n\n\n<figure class=\"wp-block-image alignright\"><a href=\"https:\/\/arche-detern.de\/wp-content\/uploads\/2012\/05\/2012-Helfergruppe.jpg\"><img loading=\"lazy\" decoding=\"async\" width=\"300\" height=\"199\" src=\"https:\/\/arche-detern.de\/wp-content\/uploads\/2012\/05\/2012-Helfergruppe-300x199.jpg\" alt=\"\" class=\"wp-image-389\" srcset=\"https:\/\/arche-detern.de\/wp-content\/uploads\/2012\/05\/2012-Helfergruppe-300x199.jpg 300w, https:\/\/arche-detern.de\/wp-content\/uploads\/2012\/05\/2012-Helfergruppe-1024x682.jpg 1024w, https:\/\/arche-detern.de\/wp-content\/uploads\/2012\/05\/2012-Helfergruppe.jpg 1280w\" sizes=\"auto, (max-width: 300px) 100vw, 300px\" \/><\/a><figcaption class=\"wp-element-caption\">Arche-Pflegetrupp (2012)<\/figcaption><\/figure>\n\n\n\n<div class=\"wp-block-group is-nowrap is-layout-flex wp-container-core-group-is-layout-ad2f72ca wp-block-group-is-layout-flex\">\n<p>Hier sind die Daten f\u00fcr 2026:<\/p>\n<\/div>\n\n\n\n<div class=\"wp-block-group is-nowrap is-layout-flex wp-container-core-group-is-layout-ad2f72ca wp-block-group-is-layout-flex\">\n<p>Samstag,14. M\u00e4rz \u2013 Aktion Saubere Landschaft (9-12 Uhr)<br>Dienstag, 14. April<br>Dienstag. 12. Mai<br>Dienstag, 9. Juni<br>Dienstag, 14. Juli<br>Dienstag, 11. August<br>Dienstag, 8. September<br>Dienstag, 13. Oktober<br><\/p>\n<\/div>\n\n\n\n<p><em>&#8222;Nichts bewahrt so sicher vor Unsinn als T\u00e4tigkeit.&#8220;<br>NOVALIS<\/em><\/p>\n","protected":false},"excerpt":{"rendered":"<p>Viele Arbeiten in der Arche und rund um die Arche erfolgen von Anbeginn im Jahre 2010 in Eigenleistung. Der Bereich rund um das sanierte denkmalgesch\u00fctzte Ensemble mit Arche, Kirche und Alte Schule hat sich dank dieses Einsatzes zu einem der bestgepflegten Areale in Detern entwickelt und erfreut die Ortsgemeinschaft wie auch unsere G\u00e4ste. Das Kirchenw\u00e4ldchen [&hellip;]<\/p>\n","protected":false},"author":1,"featured_media":0,"parent":0,"menu_order":0,"comment_status":"closed","ping_status":"closed","template":"","meta":{"_et_pb_use_builder":"","_et_pb_old_content":"","_et_gb_content_width":"","footnotes":""},"class_list":["post-61","page","type-page","status-publish","hentry"],"_links":{"self":[{"href":"https:\/\/arche-detern.de\/index.php?rest_route=\/wp\/v2\/pages\/61","targetHints":{"allow":["GET"]}}],"collection":[{"href":"https:\/\/arche-detern.de\/index.php?rest_route=\/wp\/v2\/pages"}],"about":[{"href":"https:\/\/arche-detern.de\/index.php?rest_route=\/wp\/v2\/types\/page"}],"author":[{"embeddable":true,"href":"https:\/\/arche-detern.de\/index.php?rest_route=\/wp\/v2\/users\/1"}],"replies":[{"embeddable":true,"href":"https:\/\/arche-detern.de\/index.php?rest_route=%2Fwp%2Fv2%2Fcomments&post=61"}],"version-history":[{"count":69,"href":"https:\/\/arche-detern.de\/index.php?rest_route=\/wp\/v2\/pages\/61\/revisions"}],"predecessor-version":[{"id":2237,"href":"https:\/\/arche-detern.de\/index.php?rest_route=\/wp\/v2\/pages\/61\/revisions\/2237"}],"wp:attachment":[{"href":"https:\/\/arche-detern.de\/index.php?rest_route=%2Fwp%2Fv2%2Fmedia&parent=61"}],"curies":[{"name":"wp","href":"https:\/\/api.w.org\/{rel}","templated":true}]}}

<figure class="wp-block-image alignright"><a href="https://arche-detern.de/wp-content/uploads/2012/05/2017-ArcheHelfer-e1510039355920.jpg"><img loading="lazy" decoding="async" width="300" height="225" src="https://arche-detern.de/wp-content/uploads/2012/05/2017-ArcheHelfer-300x225.jpg" alt="" class="wp-image-1454"/></a><figcaption class="wp-element-caption">Arche-Pflegetrupp (2017)</figcaption></figure>



<p>Viele Arbeiten in der Arche und rund um die Arche erfolgen von Anbeginn im Jahre 2010 in Eigenleistung. Der Bereich rund um das sanierte denkmalgeschützte Ensemble mit Arche, Kirche und Alte Schule hat sich dank dieses Einsatzes zu einem der bestgepflegten Areale in Detern entwickelt und erfreut die Ortsgemeinschaft wie auch unsere Gäste. Das Kirchenwäldchen ist als erweiterter Garten mit seiner Obstbaumwiese und den Hecken und weiterem Baumbestand ein besonderer Ort, der der verstärkten Pflege bedarf.</p>



<p>Auch in 2026 finden in der Gartensaison an jeweils einem Dienstag in der Gartensaison wieder Einsätze statt &#8211; <br>Treffpunkt ist jeweils um 19 Uhr die Arche.</p>



<p>Frisch und fröhlich packt die &#8222;Wäldchen-Gruppe&#8220; gemeinsam an, um die historische Ortsmitte weiterhin in gutem Zustand zu erhalten. In gemeinschaftlicher Arbeit setzen sich die fleißigen Helfer dafür ein, dass alles schön und gepflegt ist. <br><br>Neue Unterstützer sind jederzeit willkommen!</p>



<figure class="wp-block-image alignright"><a href="https://arche-detern.de/wp-content/uploads/2012/05/2012-Helfergruppe.jpg"><img loading="lazy" decoding="async" width="300" height="199" src="https://arche-detern.de/wp-content/uploads/2012/05/2012-Helfergruppe-300x199.jpg" alt="" class="wp-image-389" srcset="https://arche-detern.de/wp-content/uploads/2012/05/2012-Helfergruppe-300x199.jpg 300w, https://arche-detern.de/wp-content/uploads/2012/05/2012-Helfergruppe-1024x682.jpg 1024w, https://arche-detern.de/wp-content/uploads/2012/05/2012-Helfergruppe.jpg 1280w" sizes="auto, (max-width: 300px) 100vw, 300px" /></a><figcaption class="wp-element-caption">Arche-Pflegetrupp (2012)</figcaption></figure>



<div class="wp-block-group is-nowrap is-layout-flex wp-container-core-group-is-layout-ad2f72ca wp-block-group-is-layout-flex">
<p>Hier sind die Daten für 2026:</p>
</div>



<div class="wp-block-group is-nowrap is-layout-flex wp-container-core-group-is-layout-ad2f72ca wp-block-group-is-layout-flex">
<p>Samstag,14. März – Aktion Saubere Landschaft (9-12 Uhr)<br>Dienstag, 14. April<br>Dienstag. 12. Mai<br>Dienstag, 9. Juni<br>Dienstag, 14. Juli<br>Dienstag, 11. August<br>Dienstag, 8. September<br>Dienstag, 13. Oktober<br></p>
</div>



<p><em>&#8222;Nichts bewahrt so sicher vor Unsinn als Tätigkeit.&#8220;<br>NOVALIS</em></p>

<p>Viele Arbeiten in der Arche und rund um die Arche erfolgen von Anbeginn im Jahre 2010 in Eigenleistung. Der Bereich rund um das sanierte denkmalgeschützte Ensemble mit Arche, Kirche und Alte Schule hat sich dank dieses Einsatzes zu einem der bestgepflegten Areale in Detern entwickelt und erfreut die Ortsgemeinschaft wie auch unsere Gäste. Das Kirchenwäldchen [&hellip;]</p>
